he remainder when 473367 is divided by 5125?
1867
What is the remainder when 8002804 is divided by 432?
4
Calculate the remainder when 156355 is divided by 20.
15
Calculate the remainder when 150650 is divided by 13568.
1402
Calculate the remainder when 1374016 is divided by 397.
396
What is the remainder when 13535242 is divided by 1230469?
83
Calculate the remainder when 5816306 is divided by 2099.
2076
Calculate the remainder when 10633312 is divided by 1411.
16
Calculate the remainder when 991451 is divided by 16253.
18
Calculate the remainder when 29833007 is divided by 363817.
13
What is the remainder when 105318138 is divided by 341942?
2
Calculate the remainder when 5126282 is divided by 1267.
0
What is the remainder when 990164 is divided by 8050?
14
What is the remainder when 168850 is divided by 56263?
61
Calculate the remainder when 135831268 is divided by 4892.
4888
Calculate the remainder when 574553 is divided by 114909.
8
Calculate the remainder when 4002365 is divided by 14.
3
What is the remainder when 52643 is divided by 52211?
432
What is the remainder when 94869 is divided by 423?
117
What is the remainder when 34591 is divided by 4754?
1313
What is the remainder when 1894576 is divided by 15788?
16
What is the remainder when 5457462 is divided by 2183?
2145
Calculate the remainder when 1064159 is divided by 247.
83
Calculate the remainder when 372964 is divided by 168.
4
Calculate the remainder when 1222890 is divided by 6645.
210
What is the remainder when 1539132 is divided by 513035?
27
Calculate the remainder when 1900312 is divided by 633302.
406
Calculate the remainder when 339248 is divided by 3855.
8
What is the remainder when 107163 is divided by 15305?
28
Calculate the remainder when 255581 is divided by 11108.
97
What is the remainder when 68099001 is divided by 239?
14
Calculate the remainder when 350272 is divided by 175091.
90
Calculate the remainder when 1035594 is divided by 16433.
315
Calculate the remainder when 6196507 is divided by 52.
31
Calculate the remainder when 1814161 is divided by 604707.
40
Calculate the remainder when 533330 is divided by 2339.
38
What is the remainder when 337785 is divided by 42137?
689
What is the remainder when 657957 is divided by 523?
23
What is the remainder when 5767785 is divided by 516?
453
What is the remainder when 67903 is divided by 7840?
5183
Calculate the remainder when 8237163 is divided by 137286.
3
What is the remainder when 3407637 is divided by 1131?
1065
Calculate the remainder when 9941 is divided by 4877.
187
Calculate the remainder when 60749574 is divided by 646272.
6
Calculate the remainder when 298734 is divided by 49729.
360
What is the remainder when 28215332 is divided by 28215288?
44
What is the remainder when 10688856 is divided by 12037?
0
What is the remainder when 104027 is divided by 3998?
79
What is the remainder when 35892684 is divided by 151?
135
Calculate the remainder when 2107471 is divided by 31931.
25
What is the remainder when 36015989 is divided by 68?
61
Calculate the remainder when 3637349 is divided by 2084.
769
Calculate the remainder when 45596261 is divided by 29.
25
Calculate the remainder when 36338 is divided by 342.
86
Calculate the remainder when 637061 is divided by 2794.
29
What is the remainder when 6797697 is divided by 6064?
6017
What is the remainder when 323727 is divided by 319044?
4683
What is the remainder when 37709 is divided by 1355?
1124
What is the remainder when 6059540 is divided by 2019839?
23
Calculate the remainder when 3309283 is divided by 53.
16
Calculate the remainder when 2601305 is divided by 325162.
9
What is the remainder when 9944198 is divided by 9664?
9606
What is the remainder when 35223 is divided by 1661?
342
What is the remainder when 69209 is divided by 484?
481
What is the remainder when 57956 is divided by 6111?
2957
What is the remainder when 44128 is divided by 559?
526
What is the remainder when 1833376 is divided by 354?
10
What is the remainder when 8243228 is divided by 549?
542
What is the remainder when 8159396 is divided by 38670?
26
What is the remainder when 2111459 is divided by 358?
333
Calculate the remainder when 70995 is divided by 981.
363
Calculate the remainder when 78081 is divided by 691.
689
Calculate the remainder when 116799 is divided by 143.
111
What is the remainder when 308868 is divided by 7354?
0
What is the remainder when 2133392 is divided by 23189?
4
What is the remainder when 64794128 is divided by 2907?
5
Calculate the remainder when 14060479 is divided by 1757559.
7
Calculate the remainder when 128951 is divided by 18352.
487
What is the remainder when 117741 is divided by 14714?
29
Calculate the remainder when 32046 is divided by 1008.
798
What is the remainder when 1038973 is divided by 708?
337
What is the remainder when 2733062 is divided by 28?
10
What is the remainder when 98619 is divided by 7224?
4707
Calculate the remainder when 71400 is divided by 726.
252
What is the remainder when 22198 is divided by 1228?
94
What is the remainder when 827920 is divided by 13?
2
What is the remainder when 351290 is divided by 6495?
560
Calculate the remainder when 399811 is divided by 79904.
291
What is the remainder when 59911159 is divided by 892?
871
What is the remainder when 1916522 is divided by 222?
218
Calculate the remainder when 1898339 is divided by 70306.
77
Calculate the remainder when 50132 is divided by 12204.
1316
What is the remainder when 1534892 is divided by 158?
80
What is the remainder when 1072802 is divided by 267?
263
Calculate the remainder when 1107740159 is divided by 40.
39
What is the remainder when 26719351 is divided by 479?
252
Calculate the remainder when 59850078 is divided by 2588.
2578
Calculate the remainder when 290926 is divided by 5102.
112
Calculate the remainder when 9622878 is divided by 1425.
1278
Calculate the remainder when 2424233 is divided by 1570.
153
Calculate the remainder when 64061652 is divided by 938.
4
Calculate the remainder when 5589925 is divided by 558991.
15
What is the remainder when 23128 is divided by 4366?
1298
What is the remainder when 52978541 is divided by 418?
385
What is the remainder when 75879139 is divided by 173240?
19
What is the remainder when 18532850 is divided by 2994?
2984
What is the remainder when 5148850 is divided by 45?
40
What is the remainder when 374627 is divided by 53505?
92
Calculate the remainder when 13009 is divided by 1343.
922
Calculate the remainder when 7425964 is divided by 2903.
90
Calculate the remainder when 322460093 is divided by 150.
143
What is the remainder when 507327 is divided by 2524?
3
What is the remainder when 171909 is divided by 85260?
1389
Calculate the remainder when 6449233 is divided by 16162.
595
Calculate the remainder when 73280 is divided by 5234.
4
Calculate the remainder when 2608324 is divided by 1207.
1204
What is the remainder when 104510 is divided by 12975?
710
Calculate the remainder when 1501800 is divided by 106.
98
What is the remainder when 5899383 is divided by 2981?
2965
Calculate the remainder when 2095464 is divided by 174622.
0
Calculate the remainder when 25388682 is divided by 68.
66
What is the remainder when 402563 is divided by 67086?
47
Calculate the remainder when 883730 is divided by 1434.
386
Calculate the remainder when 475302 is divided by 33949.
16
What is the remainder when 656366 is divided by 1269?
293
Calculate the remainder when 143267 is divided by 23867.
65
Calculate the remainder when 654476 is divided by 564.
236
Calculate the remainder when 980218974 is divided by 1907.
1904
Calculate the remainder when 1446664 is divided by 160739.
13
Calculate the remainder when 75455 is divided by 429.
380
Calculate the remainder when 516743 is divided by 514438.
2305
Calculate the remainder when 1110767 is divided by 188.
63
Calculate the remainder when 19291 is divided by 556.
387
Calculate the remainder when 162379675 is divided by 813.
811
Calculate the remainder when 1030853 is divided by 33253.
10
Calculate the remainder when 6200758 is divided by 800.
758
What is the remainder when 5109270 is divided by 5?
0
What is the remainder when 9268479 is divided by 12981?
45
What is the remainder w